{"id":59,"date":"2019-07-01T19:22:41","date_gmt":"2019-07-01T17:22:41","guid":{"rendered":"https:\/\/vitalbook.me\/blog\/?page_id=59"},"modified":"2020-05-24T21:53:47","modified_gmt":"2020-05-24T19:53:47","slug":"aviso-legal","status":"publish","type":"page","link":"https:\/\/vitalbook.me\/blog\/aviso-legal\/","title":{"rendered":"Aviso legal"},"content":{"rendered":"\n<p>En la p\u00e1gina de inicio, normalmente en la parte inferior, debe a\u00f1adirse un link con el t\u00edtulo \u00abAVISO LEGAL\u00bb que muestre la siguiente informaci\u00f3n:<\/p>\n\n\n\n<p>De acuerdo con la exigencia del art\u00edculo 10 de la Ley 34\/2002, de 11 de julio, de Servicios de la Sociedad de la Informaci\u00f3n y de Comercio Electr\u00f3nico (LSSI-CE), VITALBOOK SL informa de los siguientes datos:<\/p>\n\n\n\n<h3 class=\"has-text-align-center\">TITULAR DEL SITIO WEB<\/h3>\n\n\n\n<p>Raz\u00f3n Social: VITALBOOK SL<\/p>\n\n\n\n<p>CIF: B6732899<\/p>\n\n\n\n<p>Denominaci\u00f3n comercial: VITALBOOK<\/p>\n\n\n\n<p>Domicilio fiscal: Carrer Mestre Nicolau 29-35 3r 1a. 08911 BADALONA &#8211; (BCN)<\/p>\n\n\n\n<p>Contacto:&nbsp;<a href=\"maitlo:vitalbook@vitalbook.me\">vitalbook@vitalbook.me<\/a><\/p>\n\n\n\n<p>C\u00f3digo: INEC08005<\/p>\n\n\n\n<p>N\u00famero: 1 Tomo: 46647 N\u00famero de Entrada: 1\/2018\/38143747 N\u00famero de Asiento: 1\/1298\/2449 Folio: 87<\/p>\n\n\n\n<p>Secci\u00f3n: GENERAL Hoja: 526514<\/p>\n\n\n\n<p>La presente informaci\u00f3n regula las condiciones de uso, las limitaciones de responsabilidad y las obligaciones que los usuarios de la p\u00e1gina Web que se publica bajo el nombre del dominio&nbsp;<strong>www.vitalbook.me<\/strong>&nbsp;las cuales los usuarios asumen y se comprometen a respetar.<\/p>\n\n\n\n<p>PROPIEDAD INTELECTUAL E INDUSTRIAL<\/p>\n\n\n\n<p>Nombre VITALBOOK your living memories<\/p>\n\n\n\n<p>N\u00famero de presentaci\u00f3n 018034034<\/p>\n\n\n\n<p>Fundamento de la marca MUE<\/p>\n\n\n\n<p>Tipo Figurativa Individual<\/p>\n\n\n\n<p>Naturaleza Clase( s )de Niza 9, 36, 42 ( Clasificaci\u00f3n de Niza )<\/p>\n\n\n\n<p>Lengua de presentaci\u00f3n de la solicitud Espa\u00f1ol \/ Segunda lengua Ingl\u00e9s<\/p>\n\n\n\n<p>Referencia de la solicitud 15650VITALBOOK<\/p>\n\n\n\n<h3 class=\"has-text-align-center\">COOKIES<\/h3>\n\n\n\n<p><strong>www.vitalbook.me<\/strong>&nbsp;utiliza cookies para facilitar la navegaci\u00f3n por dicho portal y para obtener una mayor eficacia y personalizaci\u00f3n de los servicios ofrecidos a los usuarios. Las cookies empleadas en&nbsp;<strong>www.vitalbook.me<\/strong>&nbsp;se asocian \u00fanicamente con un usuario an\u00f3nimo y su ordenador, no proporcionan referencias que permitan deducir el nombre y apellidos del usuario y no pueden leer datos de su disco duro ni incluir virus en sus equipos. Asimismo,&nbsp;<strong>www.vitalbook.me<\/strong>&nbsp;no puede leer las cookies implantadas en el disco duro del usuario desde otros servidores.<\/p>\n\n\n\n<p>El usuario puede libremente decidir acerca de la implantaci\u00f3n o no en su disco duro de las cookies empleadas en&nbsp;<strong>www.vitalbook.me<\/strong>. En este sentido, el usuario puede configurar su navegador para aceptar o rechazar por defecto todas las cookies o para recibir un aviso en pantalla de la recepci\u00f3n de cada cookie y decidir en ese momento su implantaci\u00f3n o no en su disco duro. Para ello le sugerimos consultar la secci\u00f3n de ayuda de su navegador para saber c\u00f3mo cambiar la configuraci\u00f3n que actualmente emplea. Aun cuando el usuario configurase su navegador para rechazar todas las cookies o rechazase expresamente las cookies de&nbsp;<strong>www.vitalbook.me<\/strong>&nbsp;podr\u00e1 navegar por el portal con el \u00fanico inconveniente de no poder disfrutar de las funcionalidades del portal que requieran la instalaci\u00f3n de alguna de ellas. En cualquier caso, el usuario podr\u00e1 eliminar las cookies de&nbsp;<strong>www.vitalbook.me<\/strong>implantadas en su disco duro en cualquier momento, siguiendo el procedimiento establecido en la secci\u00f3n de ayuda de su navegador o entrando en el enlace Pol\u00edtica de Cookies de este sitio web.<\/p>\n\n\n\n<h3 class=\"has-text-align-center\">POL\u00cdTICA DE PRIVACIDAD<\/h3>\n\n\n\n<p>VITALBOOK SL garantiza la privacidad de los datos de car\u00e1cter personal aportados, seg\u00fan el Reglamento General de Protecci\u00f3n de Datos (RGPD).<\/p>\n\n\n\n<p>La visita a esta p\u00e1gina web no supone que el usuario est\u00e9 obligado a facilitar ninguna informaci\u00f3n sobre s\u00ed mismo, no obstante, durante la visita es posible que se soliciten datos de car\u00e1cter personal a trav\u00e9s de formularios.<\/p>\n\n\n\n<p>Dichos datos ser\u00e1n incorporados a un fichero responsabilidad de VITALBOOK SL y ser\u00e1n utilizados con la finalidad de contestar la solicitud realizada por su parte y para enviarles informaci\u00f3n de nuestra empresa y servicios por cualquier medio de comunicaci\u00f3n. Al enviarnos dicho formulario, usted est\u00e1 aceptando expl\u00edcitamente la recepci\u00f3n de los mismos. Estos datos se cancelar\u00e1n a petici\u00f3n suya o una vez satisfecho la finalidad para la que fueron recabados.<\/p>\n\n\n\n<p>C\u00f3mo ejercitar los derechos: Los usuarios pueden dirigir una comunicaci\u00f3n a la direcci\u00f3n de correo electr\u00f3nico&nbsp;<a href=\"mailto:vitalbook@vitalbook.me\">vitalbook@vitalbook.me<\/a>. incluyendo en ambos casos una fotocopia de su DNI u otro documento identificativo similar, para ejercitar sus derechos, que son los siguientes:<\/p>\n\n\n\n<p>\u00b7 Derecho a solicitar el acceso a los datos personales: usted podr\u00e1 preguntar a VITALBOOK SL si esta empresa est\u00e1 tratando sus datos.<\/p>\n\n\n\n<p>\u00b7 Derecho a solicitar su rectificaci\u00f3n (en caso de que sean incorrectos) o supresi\u00f3n.<\/p>\n\n\n\n<p>\u00b7 Derecho a solicitar la limitaci\u00f3n de su tratamiento, en cuyo caso \u00fanicamente ser\u00e1n conservados por VITALBOOK SL para el ejercicio o la defensa de reclamaciones.<\/p>\n\n\n\n<p>\u00b7 Derecho a oponerse al tratamiento: VITALBOOK SL dejar\u00e1 de tratar los datos en la forma que usted indique, salvo que por motivos leg\u00edtimos imperiosos o el ejercicio o la defensa de posibles reclamaciones se tengan que seguir tratando.<\/p>\n\n\n\n<p>\u00b7 Derecho a la portabilidad de los datos: en caso de que quiera que sus datos sean tratados por otra firma, VITALBOOK SL le facilitar\u00e1 la portabilidad de sus datos al nuevo responsable.<\/p>\n\n\n\n<p>Posibilidad de retirar el consentimiento: en el caso de que se haya otorgado el consentimiento para alguna finalidad espec\u00edfica, usted tiene derecho a retirar el consentimiento en cualquier momento, sin que ello afecte a la licitud del tratamiento basado en el consentimiento previo a su retirada.<\/p>\n\n\n\n<p>C\u00f3mo reclamar ante la Autoridad de Control: Si un usuario considera que hay un problema con la forma en que VITALBOOK SL est\u00e1 manejando sus datos, puede dirigir sus reclamaciones a la autoridad de protecci\u00f3n de datos que corresponda, siendo la Agencia Espa\u00f1ola de Protecci\u00f3n de Datos la indicada en el caso de Espa\u00f1a.<\/p>\n\n\n\n<p>La negativa a proporcionar los datos supondr\u00e1 la no prestaci\u00f3n o la imposibilidad de acceder al servicio para los que eran solicitados. Usted tiene derecho a recibir respuesta de cualquier pregunta, consulta o aclaraci\u00f3n que le surja derivada de este formulario.<\/p>\n\n\n\n<p>Las partes se someten, a su elecci\u00f3n, para la resoluci\u00f3n de los conflictos y con renuncia a cualquier otro fuero, a los juzgados y tribunales del domicilio del propietario del sitio Web.<\/p>\n\n\n\n<h3 class=\"has-text-align-center\">POL\u00cdTICA DE ENLACES<\/h3>\n\n\n\n<p>En caso de que se introduzca por un usuario de Internet un enlace desde su propio Sitio Web al Sitio Web de VITALBOOK SL, el enlace \u00fanicamente vincular\u00e1 con la p\u00e1gina principal de \u00e9ste \u00faltimo, pero no podr\u00e1 reproducirla de ninguna forma, y, en caso de que se visualicen los contenidos del Sitio Web con contenidos ajenos al mismo, estos contenidos ajenos no podr\u00e1n inducir a error, confusi\u00f3n o enga\u00f1o en los Usuarios sobre la procedencia de sus contenidos, ni suponer un acto de comparaci\u00f3n o imitaci\u00f3n desleal o un aprovechamiento de la reputaci\u00f3n de VITALBOOK SL.<\/p>\n\n\n\n<p>No se realizar\u00e1 desde la p\u00e1gina que introduce el enlace ning\u00fan tipo de manifestaci\u00f3n falsa o inexacta sobre VITALBOOK SL, Empresas Asociadas, colaboradores o empleados, ni se indicar\u00e1 en dicha p\u00e1gina que tienen el consentimiento de VITALBOOK SL para la inserci\u00f3n del enlace, o que VITALBOOK SL tiene alguna relaci\u00f3n o colaboraci\u00f3n con dicha p\u00e1gina.<\/p>\n\n\n\n<p>Salvo en los casos permitidos por la ley o expresamente autorizados por VITALBOOK SL, siempre que se permita un enlace directo con su Sitio Web, queda prohibida la utilizaci\u00f3n de cualquier marca o cualquier otro signo distintivo de VITALBOOK SL dentro de la p\u00e1gina donde se encuentre el enlace, salvo que se autorice expresamente.<\/p>\n\n\n\n<p>La p\u00e1gina que establezca el enlace deber\u00e1 cumplir con la ley y no disponer o enlazar con contenidos il\u00edcitos o contrarios a la moral y a las buenas costumbres.<\/p>\n\n\n\n<p>Por su parte, el propio Sitio Web incluye dispositivos t\u00e9cnicos de enlace que permiten al Usuario acceder a otras p\u00e1ginas y portales de Internet, actuando VITALBOOK SL como prestador de servicios de intermediaci\u00f3n de conformidad con el art\u00edculo 17 de la Ley 34\/2002, de 11 de julio, de Servicios de la Sociedad de la Informaci\u00f3n y de Comercio Electr\u00f3nico, por lo que s\u00f3lo ser\u00e1 responsable de los contenidos y servicios suministrados en los sitios enlazados en caso de que habiendo tenido conocimiento efectivo, en la forma prevista por la Ley de Servicios de la Sociedad de la Informaci\u00f3n, de la ilicitud no haya desactivado el enlace.<\/p>\n\n\n\n<p>La existencia de sitios enlazados no supone que existan acuerdos con los responsables o titulares de los mismos, y VITALBOOK SL no se hace responsable por los da\u00f1os producidos por la ilicitud, calidad, desactualizaci\u00f3n, indisponibilidad, error e inutilidad de los contenidos de dichos sitios, puesto que los desconoce. En cualquier caso, si el Usuario tuviera conocimiento de que los sitios enlazados remiten a p\u00e1ginas cuyos contenidos o servicios son il\u00edcitos o contrarios a la moral deber\u00e1 ponerlo en conocimiento de VITALBOOK SL.<\/p>\n\n\n\n<p>A estos efectos se habilita la direcci\u00f3n de correo electr\u00f3nico&nbsp;<a href=\"mailto:vitalbook@vitalbook.me\">vitalbook@vitalbook.me<\/a>, de esta forma, los usuarios deber\u00e1n comunicar: nombre, direcci\u00f3n, n\u00famero de tel\u00e9fono y direcci\u00f3n de correo electr\u00f3nico, especificaci\u00f3n de la supuesta actividad il\u00edcita llevada a cabo en el Portal y hechos o circunstancias que revelan el car\u00e1cter il\u00edcito de dicha actividad.<\/p>\n\n\n\n<h3 class=\"has-text-align-center\">CONDICIONES DE USO<\/h3>\n\n\n\n<p>La utilizaci\u00f3n de la p\u00e1gina otorga la utilizaci\u00f3n de usuario e implica la aceptaci\u00f3n de las condiciones del aviso legal, pol\u00edtica de privacidad y condiciones de uso, si el usuario no estuviera conforme, se abstendr\u00e1 de utilizar la p\u00e1gina. El usuario est\u00e1 obligado y se compromete a utilizar la p\u00e1gina y los contenidos de conformidad con la legislaci\u00f3n europea vigente, el Aviso Legal, y cualquier otro aviso contenido en esta p\u00e1gina, as\u00ed como con las normas de convivencia, la moral y buenas costumbres generalmente aceptadas.<\/p>\n\n\n\n<p>El Usuario se obliga y se compromete a no transmitir, difundir o poner a disposici\u00f3n de terceros cualquier contenido de la P\u00e1gina, tales como informaciones, textos, datos, contenidos, mensajes, gr\u00e1ficos, dibujos, archivos de sonido y\/o imagen, fotograf\u00edas, grabaciones, software, logotipos, marcas, iconos, tecnolog\u00eda, fotograf\u00edas, software, enlaces, dise\u00f1o gr\u00e1fico y c\u00f3digos fuente, o cualquier otro material al que tuviera acceso en su condici\u00f3n de Usuario de la P\u00e1gina, sin que esta enumeraci\u00f3n tenga car\u00e1cter limitativo.<\/p>\n\n\n\n<h3 class=\"has-text-align-center\">PROPIEDAD INTELECTUAL E INDUSTRIAL<\/h3>\n\n\n\n<p>Todas las marcas, nombres comerciales o signos distintivos de cualquier clase que aparecen en la p\u00e1gina son propiedad de VITALBOOK SL o, en su caso, de terceros que han autorizado su uso, sin que pueda entenderse que el uso o acceso al portal y\/o a los contenidos atribuya al usuario derecho alguno sobre las citadas marcas, nombres comerciales y\/o signos distintivos, y sin que puedan entenderse cedidos al usuario, ninguno de los derechos de explotaci\u00f3n que existen o puedan existir sobre dichos contenidos. Y no entiende cedidos ni se autoriza su utilizaci\u00f3n, en ning\u00fan caso, a los usuarios de la p\u00e1gina salvo que se obtengan dichos derechos por escrito del leg\u00edtimo titular de los mismos.<\/p>\n\n\n\n<h3 class=\"has-text-align-center\">REDES SOCIALES OFICIALES<\/h3>\n\n\n\n<p>El prestador de servicios de las p\u00e1ginas oficiales de VITALBOOK SL en las redes sociales facebook e instagram es la entidad VITALBOOK SL (en adelante VITALBOOK SL) con CIF: B6732899.<\/p>\n\n\n\n<p>El acceso y uso de estas p\u00e1ginas requiere de la aceptaci\u00f3n de las condiciones generales de uso de redes sociales y la pol\u00edtica de privacidad que m\u00e1s abajo se detalla y se completa con la pol\u00edtica y las normas de las plataformas de red social de facebook e instagram.<\/p>\n\n\n\n<p>Para cualquier consulta o contacto con VITALBOOK SL los usuarios podr\u00e1n comunicarse a trav\u00e9s del n\u00famero de tel\u00e9fono 0034670517190 o de la siguiente direcci\u00f3n electr\u00f3nica:&nbsp;<a href=\"mailto:vitalbook@vitalbook.me\">vitalbook@vitalbook.me<\/a>.<\/p>\n\n\n\n<p>Condiciones de uso de la p\u00e1gina oficial de VITALBOOK SL en facebook e instagram.<\/p>\n\n\n\n<p>Por favor, lea atentamente estas condiciones de uso ya que contienen toda la informaci\u00f3n relativa a sus derechos y obligaciones como usuario de la p\u00e1gina oficial de VITALBOOK SL en facebook e instagram. El acceso y uso de la p\u00e1gina oficial de VITALBOOK SL en facebook e instagram est\u00e1 sujeto adem\u00e1s al cumplimiento de las condiciones establecidas por facebook e instagram como titular de la plataforma del servicio de red social.<\/p>\n\n\n\n<p>Cuando el usuario accede o utiliza la p\u00e1gina oficial de VITALBOOK SLen facebook e instagram manifiesta su consentimiento y aceptaci\u00f3n del cumplimiento de lo establecido en las presentes condiciones de uso.<\/p>\n\n\n\n<p>El acceso y uso de la p\u00e1gina oficial de VITALBOOK SL en facebook e instagram est\u00e1 prohibido a los menores de 14 a\u00f1os.<\/p>\n\n\n\n<h3 class=\"has-text-align-center\">Usos permitidos y usos prohibidos<\/h3>\n\n\n\n<p>A trav\u00e9s de la p\u00e1gina oficial de VITALBOOK SL en facebook e instagram se facilita un espacio en el que el usuario puede publicar e intercambiar informaci\u00f3n y contenidos, as\u00ed como establecer comunicaci\u00f3n entre varios usuarios.<\/p>\n\n\n\n<p>El usuario est\u00e1 obligado a realizar un uso razonable de la p\u00e1gina oficial de VITALBOOK SL de facebook e instagram y de sus contenidos, seg\u00fan las posibilidades y fines para los que est\u00e1 concebido de acuerdo con los usos y costumbres, la moral, la legislaci\u00f3n europea vigente, las presentes normas y las normas y pol\u00edticas publicadas por facebook e instagram. El usuario ser\u00e1 el \u00fanico responsable de la informaci\u00f3n, im\u00e1genes, opiniones, alusiones o contenidos de cualquier tipo que comunique, aloje, transmita, ponga a disposici\u00f3n o exhiba a trav\u00e9s de la p\u00e1gina oficial de VITALBOOK SL en facebook e instagram.<\/p>\n\n\n\n<p>VITALBOOK SL no podr\u00e1 ser considerado responsable editorial de los contenidos publicados por el usuario y declara expresamente que no se identifica con ninguna de las opiniones que los usuarios publiquen en la p\u00e1gina oficial de VITALBOOK SL en facebook e instagram de cuyas consecuencias se hace enteramente responsable el emisor de las mismas.<\/p>\n\n\n\n<p>En todo caso, queda prohibido el uso de la p\u00e1gina oficial de VITALBOOK SL en facebook e instagram con fines ilegales o no autorizados, con o sin finalidad econ\u00f3mica.<\/p>\n\n\n\n<h3 class=\"has-text-align-center\">EXENCI\u00d3N DE RESPONSABILIDADES<\/h3>\n\n\n\n<p>VITALBOOK SL incluye en su Sitio Web una serie de contenidos sobre sus actividades, productos, estructura, gesti\u00f3n y equipos propios de una Web corporativa. VITALBOOK SL excluye cualquier responsabilidad por los da\u00f1os y perjuicios de toda naturaleza que pudieran derivarse del acceso a los contenidos, informaciones, publicidad, opciones, conceptos e im\u00e1genes facilitados a los usuarios. En cualquier caso, VITALBOOK SL no se hace responsable de:<\/p>\n\n\n\n<p>\u00b7 El mal que el usuario pueda realizar del Sitio Web.<\/p>\n\n\n\n<p>\u00b7 La continuidad de los contenidos de la Sitio Web.<\/p>\n\n\n\n<p>\u00b7 La ausencia de virus y\/o dem\u00e1s componentes da\u00f1inos en el Sitio Web o en el servidor que los suministra, tanto en lo relativo a la visualizaci\u00f3n de los contenidos por los usuarios como en la descarga de los mismos.<\/p>\n\n\n\n<p>\u00b7 Los contenidos y servicios prestados por otros Sitios Web a las que pueda tener acceso desde las direcciones de Internet titularidad de VITALBOOK SL.<\/p>\n\n\n\n<p>\u00b7 El mayor o menor rendimiento de los contenidos albergados en el Sitio Web.<\/p>\n\n\n\n<p>\u00b7 Los da\u00f1os o perjuicios que causare cualquier persona, bien a si misma o a terceras, que infringiera las condiciones, normas e instrucciones que VITALBOOK SL establece en este Sitio Web.<\/p>\n\n\n\n<p>\u00b7 Los da\u00f1os ocasionados por la vulneraci\u00f3n de los sistemas de seguridad del Sitio Web titularidad de VITALBOOK SL.<\/p>\n\n\n\n<p>\u00b7 El mal funcionamiento de software o \u201cplugins\u201d (descarga que pudiere realizarse desde el link establecido al efecto), que pudiera ser necesario para la visualizaci\u00f3n o escucha de determinados contenidos albergados en el presente Sitio Web.<\/p>\n\n\n\n<p>\u00b7 Cualquier acci\u00f3n o actuaci\u00f3n que pudiere realizar en relaci\u00f3n con la vulneraci\u00f3n de derechos de terceros, especialmente, con relaci\u00f3n a la imagen, propiedad intelectual o industrial.<\/p>\n\n\n\n<p>\u00b7 De la edici\u00f3n, revisi\u00f3n, censura y verificaci\u00f3n de los contenidos de las p\u00e1ginas o Sitios de Internet con los que el usuario se conecte a trav\u00e9s del motor de b\u00fasqueda o de hiperv\u00ednculos incluidos en el Sitio Web de VITALBOOK SL.<\/p>\n\n\n\n<h3 class=\"has-text-align-center\">Exenci\u00f3n de responsabilidad por el funcionamiento de la P\u00e1gina Web<\/h3>\n\n\n\n<p>VITALBOOK SL presta sus servicios y contenidos de forma continuada empleando todos los medios t\u00e9cnicos a su alcance para realizar dicha prestaci\u00f3n de forma satisfactoria.<\/p>\n\n\n\n<p>VITALBOOK SL podr\u00e1, cuando lo considere conveniente, realizar correcciones, mejoras o modificaciones en la informaci\u00f3n contenida en su Sitio Web, sin que ello de lugar, ni derecho a ninguna reclamaci\u00f3n o indemnizaci\u00f3n, ni implique reconocimiento de responsabilidad alguna.<\/p>\n\n\n\n<p>VITALBOOK SL no se hace responsable por los da\u00f1os y perjuicios de toda naturaleza que pudieran derivarse de la disponibilidad y continuidad t\u00e9cnica del funcionamiento de su Sitio Web. En cualquier caso, VITALBOOK SL, llevar\u00e1 a cabo todas las actuaciones necesarias para restablecer sus servicios en caso de fallo t\u00e9cnico.<\/p>\n\n\n\n<h3 class=\"has-text-align-center\">LEGISLACI\u00d3N Y JURISDICCI\u00d3N<\/h3>\n\n\n\n<p>VITALBOOK SL se reserva la facultad de presentar las acciones civiles o penales que considere oportunas por la utilizaci\u00f3n indebida de su sitio web y contenidos, o por el incumplimiento de las presentes condiciones.<\/p>\n\n\n\n<p>En caso de existir discrepancia entre lo establecido en el presente Aviso Legal y las Condiciones Particulares de cada servicio espec\u00edfico, prevalecer\u00e1 lo dispuesto en \u00e9stas \u00faltimas.<\/p>\n\n\n\n<p>En el caso de que cualquier disposici\u00f3n o disposiciones contenidas en el presente Aviso Legal fueran consideradas nulas o inaplicables, en su totalidad o en parte, por cualquier Juzgado, Tribunal u \u00f3rgano administrativo competente, dicha nulidad o inaplicaci\u00f3n no afectar\u00e1 al resto de disposiciones del presente Aviso Legal ni a las Condiciones Particulares de los diferentes servicios del presente Sitio Web.<\/p>\n\n\n\n<p>El no ejercicio o ejecuci\u00f3n, por parte de VITALBOOK SL de cualquier derecho o disposici\u00f3n contenido en estas Condiciones Generales no constituir\u00e1 una renuncia al mismo, salvo reconocimiento y acuerdo escrito por su parte.<\/p>\n\n\n\n<p>La relaci\u00f3n entre el usuario y el prestador se regir\u00e1 por la normativa europea vigente y de aplicaci\u00f3n en el territorio europeo. De surgir cualquier controversia las partes podr\u00e1n someter sus conflictos a arbitraje o acudir a la jurisdicci\u00f3n ordinaria cumpliendo con las normas sobre jurisdicci\u00f3n y competencia al respecto. VITALBOOK SL tiene su domicilio en BARCELONA, Espa\u00f1a.<\/p>\n\n\n\n<p style=\"font-size:11px\" class=\"has-text-align-center\">Adaptaci\u00f3n a la Ley 34\/2002, de 11 de julio, de Servicios de la Sociedad de la Informaci\u00f3n y de Comercio Electr\u00f3nico<br \/><\/p>\n","protected":false},"excerpt":{"rendered":"<p>En la p\u00e1gina de inicio, normalmente en la parte inferior, debe a\u00f1adirse un link con el t\u00edtulo \u00abAVISO LEGAL\u00bb que muestre la siguiente informaci\u00f3n: De acuerdo con la exigencia del art\u00edculo 10 de la Ley 34\/2002, de 11 de julio, de Servicios de la Sociedad de la Informaci\u00f3n y de Comercio Electr\u00f3nico (LSSI-CE), VITALBOOK SL [&hellip;]<\/p>\n","protected":false},"author":3,"featured_media":0,"parent":0,"menu_order":0,"comment_status":"closed","ping_status":"closed","template":"","meta":{"spay_email":""},"_links":{"self":[{"href":"https:\/\/vitalbook.me\/blog\/wp-json\/wp\/v2\/pages\/59"}],"collection":[{"href":"https:\/\/vitalbook.me\/blog\/wp-json\/wp\/v2\/pages"}],"about":[{"href":"https:\/\/vitalbook.me\/blog\/wp-json\/wp\/v2\/types\/page"}],"author":[{"embeddable":true,"href":"https:\/\/vitalbook.me\/blog\/wp-json\/wp\/v2\/users\/3"}],"replies":[{"embeddable":true,"href":"https:\/\/vitalbook.me\/blog\/wp-json\/wp\/v2\/comments?post=59"}],"version-history":[{"count":2,"href":"https:\/\/vitalbook.me\/blog\/wp-json\/wp\/v2\/pages\/59\/revisions"}],"predecessor-version":[{"id":413,"href":"https:\/\/vitalbook.me\/blog\/wp-json\/wp\/v2\/pages\/59\/revisions\/413"}],"wp:attachment":[{"href":"https:\/\/vitalbook.me\/blog\/wp-json\/wp\/v2\/media?parent=59"}],"curies":[{"name":"wp","href":"https:\/\/api.w.org\/{rel}","templated":true}]}}